.
9
What is the highest common divisor of 58022326 and 1836?
34
What is the greatest common factor of 62604 and 48833?
47
Calculate the highest common factor of 5025 and 624373.
67
Calculate the highest common divisor of 1598649078 and 1014.
1014
What is the highest common divisor of 3173566 and 1166?
22
Calculate the greatest common factor of 10396 and 11114228.
452
Calculate the highest common factor of 61640 and 1644.
4
What is the greatest common divisor of 802903 and 697?
41
What is the highest common divisor of 3033344 and 15104?
256
What is the greatest common divisor of 21765749 and 59?
59
Calculate the highest common factor of 3132370 and 171235.
115
Calculate the highest common factor of 306 and 5754670.
34
What is the highest common divisor of 448 and 102705344?
448
Calculate the highest common divisor of 22572 and 20843.
19
What is the highest common divisor of 552 and 9016437?
69
What is the highest common factor of 4403611 and 52364?
1007
What is the highest common divisor of 17742032 and 4928?
1232
Calculate the greatest common factor of 2324464 and 1154372.
524
Calculate the highest common factor of 56 and 12527816.
56
What is the greatest common factor of 2388480 and 128000?
2560
What is the highest common divisor of 5954 and 24362?
26
What is the highest common divisor of 281 and 1246943963?
281
What is the greatest common factor of 1143506 and 948733?
6283
Calculate the greatest common factor of 35360 and 67388.
68
Calculate the highest common factor of 780 and 76536.
12
Calculate the highest common divisor of 422234206 and 772.
386
What is the greatest common factor of 4184 and 1041016?
8
What is the highest common factor of 299193642 and 13464?
3366
What is the greatest common divisor of 181440 and 694218?
42
What is the highest common factor of 42 and 182938?
14
What is the highest common factor of 47 and 778367?
47
What is the greatest common factor of 77340 and 145?
5
Calculate the highest common divisor of 860475 and 185010.
105
Calculate the greatest common divisor of 767652896 and 2432.
608
What is the greatest common divisor of 4080 and 2419920?
240
Calculate the highest common divisor of 71872 and 546901.
1123
Calculate the greatest common divisor of 301 and 99727621.
301
Calculate the greatest common divisor of 18225 and 4006125.
675
Calculate the highest common factor of 386829 and 1377.
27
Calculate the greatest common factor of 2124 and 17910099.
531
What is the highest common divisor of 93822451 and 23?
23
What is the highest common factor of 368186 and 398125?
637
Calculate the greatest common factor of 356308 and 685988.
1268
Calculate the greatest common factor of 64 and 446186.
2
Calculate the greatest common divisor of 7800 and 2395200.
600
Calculate the highest common factor of 61593 and 609.
21
What is the greatest common divisor of 4134 and 586922?
106
What is the highest common factor of 359293 and 3141611?
979
What is the greatest common factor of 640 and 11315360?
160
What is the greatest common divisor of 6409 and 1669213?
221
Calculate the highest common factor of 103 and 275045123.
103
Calculate the highest common divisor of 104523558 and 1424.
178
What is the highest common divisor of 136 and 85979438?
34
Calculate the highest common factor of 228960713 and 377.
29
What is the greatest common divisor of 260 and 1549820?
20
Calculate the greatest common divisor of 62 and 679179.
31
Calculate the greatest common factor of 73 and 179602849.
73
What is the greatest common factor of 10 and 263709360?
10
Calculate the highest common divisor of 5388 and 174661.
449
Calculate the greatest common factor of 17575387 and 746.
373
What is the highest common factor of 138 and 114948?
6
What is the highest common factor of 124874217 and 2106?
1053
Calculate the greatest common divisor of 4739750 and 10000.
250
Calculate the highest common factor of 7223423 and 3445.
53
What is the greatest common factor of 57092910 and 70?
70
Calculate the highest common factor of 60 and 674527920.
60
Calculate the greatest common divisor of 3960 and 182316640.
440
Calculate the greatest common factor of 398 and 570898762.
398
What is the highest common factor of 17 and 60241?
1
What is the highest common factor of 525603556 and 521?
521
Calculate the greatest common divisor of 71392 and 2244064.
736
Calculate the greatest common factor of 3525 and 620823.
141
What is the greatest common factor of 1928 and 13110159?
241
What is the highest common factor of 15731806 and 35479?
2087
Calculate the greatest common factor of 410510 and 30.
10
What is the greatest common factor of 13869054 and 2250?
18
Calculate the greatest common factor of 126 and 5717187.
63
Calculate the highest common factor of 469755 and 7579.
143
What is the greatest common factor of 3930402 and 63?
21
Calculate the greatest common factor of 108 and 310680.
36
Calculate the highest common divisor of 402 and 58677.
3
Calculate the greatest common divisor of 12032 and 1157704.
376
Calculate the greatest common factor of 160449 and 1671513.
2031
What is the highest common factor of 168691932 and 504?
36
What is the greatest common factor of 98942 and 43676?
122
What is the highest common divisor of 43455 and 1369935?
15
What is the greatest common divisor of 97468 and 1276996?
1652
Calculate the highest common divisor of 1397000 and 2024.
88
What is the greatest common divisor of 16 and 33035864?
8
What is the highest common factor of 1906 and 169410998?
1906
Calculate the highest common factor of 40222 and 228293.
221
Calculate the greatest common divisor of 1288 and 28149884.
644
What is the greatest common divisor of 36 and 32180670?
18
Calculate the greatest common factor of 39277 and 28867328.
1267
Calculate the greatest common divisor of 5447476 and 1794781.
9019
Calculate the greatest common divisor of 2518621 and 589.
19
Calculate the highest common divisor of 6982272 and 76038.
3306
Calculate the highest common factor of 12416 and 31994112.
128
What is the greatest common divisor of 73717 and 5159?
7
Calculate the greatest common divisor of 63859 and 3760959.
3361
Calculate the greatest common factor of 252 and 1746549.
63
What is the greatest common factor of 1072 and 2490122?
134
Calculate the highest common divisor of 157920 and 2960.
80
What is the greatest common divisor of 260 and 13725790?
130
Calculate the greatest common factor of 98315200 and 180.
20
What is the greatest common divisor of 3984140 and 20?
20
Calculate the highest common factor of 1900 and 213060.
20
Calculate the highest common divisor of 2 and 5829876.
2
What is the greatest common divisor of 2196439 and 14?
7
What is the greatest common factor of 133303185 and 5?
5
What is the highest common factor of 4060 and 14457080?
580
Calculate the highest common divisor of 1745 and 261978595.
1745
What is the highest common factor of 1610 and 135130?
10
What is the highest common divisor of 719753 and 9?
1
What is the greatest common divisor of 195668 and 275?
11
Calculate the greatest common divisor of 1691 and 28462022.
89
What is the greatest common divisor of 16113672 and 6840?
1368
What is the highest common divisor of 6940101 and 12949?
563
Calculate the highest common divisor of 190720 and 38840.
40
Calculate the greatest common factor of 483047 and 5131.
733
What is the greatest common factor of 376 and 6022533?
47
Calculate the highest common divisor of 826006 and 46.
2
Calculate the greatest common factor of 136920 and 12360.
120
What is the greatest common divisor of 732158 and 1159692?
482
What is the highest common divisor of 7914552 and 36?
12
Calculate the highest common factor of 93751 and 54108628.
1589
What is the greatest common factor of 662871795 and 15?
15
Calculate the highest common divisor of 630818889 and 5826.
2913
What is the greatest common divisor of 522 and 14704131?
87
What is the greatest common factor of 2787393 and 122728?
667
Calculate the greatest common factor of 17 and 12698915.
17
What is the greatest common divisor of 128 and 62257680?
16
What is the highest common factor of 1149 and 55229749?
383
Calculate the highest common divisor of 33561 and 19773531.
3051
What is the greatest common factor of 5420604 and 175686?
1974
Calculate the gr